inder when 1/(-2) - s/4 is divided by 13.
11
Calculate the remainder when 14*3*6*14/18 is divided by 33.
31
Let i(r) = -r**3 - 5*r**2 - 5*r - 2. Let n be i(-4). Let v be 2/(1/n + -1). Calculate the remainder when (2/v)/(2/(-48)) is divided by 7.
5
Let n(t) = t - 7. Let i be n(11). Suppose -4 = -i*j + 8. What is the remainder when 5 is divided by j?
2
Calculate the remainder when ((-2)/4)/((-8)/464) is divided by 17.
12
Let w(u) = -3*u - 4. Let j be w(-3). Suppose j*n - 49 + 19 = 0. Calculate the remainder when 17 is divided by n.
5
Suppose 16 = 4*k - 0. Suppose 0 = -5*r - k*v - 3 + 30, 3*v = -6. Suppose 2*c - 5 = -1, -2*z + 3*c = -20. What is the remainder when z is divided by r?
6
Let w be ((-9)/(-6))/((-2)/12). Let u(x) = 2*x**2 + 10*x + 6. Let g(p) = p**2 - p - 1. Let d(y) = g(y) - u(y). What is the remainder when 31 is divided by d(w)?
9
Let y(d) = d**2 - 3*d + 2. Let o(r) = -54*r - 3. Let h be o(-2). Suppose i - h = -2*i. What is the remainder when i is divided by y(5)?
11
Suppose -68 = -2*k - 0*k + 3*j, -2*k + 88 = 2*j. Calculate the remainder when 338/10 - (-8)/k is divided by 9.
7
Suppose p = -3*q - q + 18, 5*p + 5*q = 75. Calculate the remainder when p is divided by 7.
0
Suppose -22 = -5*p + d, 3*d = -2*p - 2*d - 2. What is the remainder when 10 is divided by p?
2
Let k = 199 + -55. Suppose 3*l - k + 3 = 0. What is the remainder when l is divided by 16?
15
Calculate the remainder when 9*(-1)/((-9)/84) is divided by 17.
16
Let c = 7 - 4. Suppose 3*o - 30 = c*p, 4*o - 3*o = -2*p - 5. Let a = 37 - 23. Calculate the remainder when a is divided by o.
4
Suppose -2*x + 45 = -5*b, -4*x + 2*b + 75 = -3*b. Let q(c) = c**2 + 4*c - 6. What is the remainder when x is divided by q(-6)?
3
Suppose -3*i - 3*d + 468 = 0, -341 = -5*i - 3*d + 445. Suppose i = 5*a + 24. Calculate the remainder when a is divided by 14.
13
Let h(m) = m**3 - 2*m**2 + m - 3. Let s be h(3). What is the remainder when 3/(-1)*(-246)/s is divided by 21?
19
Suppose 3*f + 5*b + 16 = 0, 0 = 5*f - b - 0*b - 20. Suppose 7*m = f*m + 316. Suppose 5*i - 246 = m. Calculate the remainder when i is divided by 22.
21
Let h(x) = 23*x**2 + 4*x - 3. Let i be h(2). Suppose -4*a + 4*w + 96 = 0, a + 3*w + i = 5*a. What is the remainder when a is divided by 13?
12
Let n(c) = -22*c + 8. Let m(j) = 15*j - 5. Let w(f) = -7*m(f) - 5*n(f). Let y be w(4). Suppose 4*u - 13 = y. Calculate the remainder when u is divided by 4.
3
Let w = 32 - 1. Suppose 5*k - 2*b - 35 = 40, -2*k = -b - w. Let n(x) = 24*x**2 - x - 1. What is the remainder when n(-1) is divided by k?
11
Suppose 3*a = 5*q - 13, 21 = 4*a + q - 0. Let n be ((-6)/(-15))/(2/20). What is the remainder when 0*2/n - -7 is divided by a?
3
Let y(k) = -k - 2. Let f be y(-2). Let b = 7 + f. What is the remainder when 20 is divided by b?
6
Let y = -1 + 3. Suppose -s = -6*r + r + 45, 0 = -4*r - 3*s + 17. What is the remainder when (1/3)/(y/138) is divided by r?
7
What is the remainder when 15 is divided by (-19)/(-2) + (-2)/(-4)?
5
Suppose 0 = 4*j - 5*p - 2 + 5, 4*j = 3*p - 5. Suppose -g + 0*d - d + 24 = 0, 48 = g - 5*d. Calculate the remainder when g is divided by (0 - (4 + j)) + 12.
8
Let f(n) = -n**3 + 3*n - 3. Let p be f(-3). Suppose -4*z + v = -91, -2*v - 52 = -3*z + p. Calculate the remainder when 67 is divided by z.
21
Suppose -3*s + 64 = 3*z - 20, 2*s - z - 44 = 0. Calculate the remainder when 93 is divided by s.
21
Let s(m) = -5*m + 0 - 3*m**2 - 5*m - 3 + 2*m**2. What is the remainder when s(-8) is divided by (15/3)/((-3)/(-3))?
3
Let q(z) = -z + 7. Suppose -3*v = l - 37, -l + 37 = -3*v - 12. Calculate the remainder when (-5)/(5/3) + l is divided by q(-14).
19
What is the remainder when 762/18 + 2/(-6) is divided by 15?
12
Let a(y) = -y**3 + 3*y**2 - 4*y. Let z be a(3). Suppose -6 = 3*m - 6*m. Calculate the remainder when m is divided by (-18)/z - (-2)/(-4).
0
Suppose -2*p + 39 = -17. Calculate the remainder when 109 is divided by p.
25
Suppose 2*v = -h - 3*v + 250, 9 = 3*v. Calculate the remainder when h is divided by 34.
31
Let c = -5 + 9. Suppose c*d = 3*j + 69, 4*d + 0*j + 3*j - 51 = 0. Calculate the remainder when d is divided by 8.
7
Suppose -3*t + 4*t = -27. Let v be 3/(-5) + t/(-45). Suppose v*n - 60 = -5*n. What is the remainder when 34 is divided by n?
10
Let t be 29/((-2 - -1) + 2). Suppose -s - 5 = -0*s, 0 = k - s - t. What is the remainder when k is divided by 9?
6
Suppose 5*h = -5*v - 5, -4*h = -v - 4 - 12. Suppose y + 2*p - 28 = 23, 0 = -h*p + 9. Suppose y - 1 = 2*f. Calculate the remainder when 43 is divided by f.
21
Let i(j) = -5*j + 14. Let c(b) = 9*b - 27. Let k(t) = -3*c(t) - 5*i(t). Calculate the remainder when k(-8) is divided by 14.
13
Let o be 1/(-4) - 119/(-28). Suppose 4 + 32 = o*b. What is the remainder when 25 is divided by b?
7
Let t(u) = -u. Let v be (14/4 + -3)*4. Suppose -3*b - 2*q + 30 = -b, 0 = 2*q - v. What is the remainder when b is divided by t(-5)?
4
Let t = 4 + -3. What is the remainder when t is divided by 4/3 - (-3)/(-9)?
0
Suppose -8 - 18 = -2*t. What is the remainder when t is divided by 5?
3
Suppose 3*r = 5*b + 29, 2*b + 6 + 17 = 5*r. Let a(g) = 3*g - 3. Let k be a(r). Suppose z + k = 23. What is the remainder when 50 is divided by z?
16
Let u be (4 + 0)/(2 - 1). Suppose 0 = 4*j - u*d - 72, -4*j + 8*d = 3*d - 71. What is the remainder when j is divided by 10?
9
Suppose -o = -q - 149, -5*q = 5*o - 608 - 167. What is the remainder when o is divided by 7?
5
Suppose -2*n = -3*n + 1. Let r(k) = -1 + 1 + n + k + k. Calculate the remainder when 24 is divided by r(6).
11
Suppose -k + 2*k - 25 = 0. Calculate the remainder when k is divided by 15.
10
Let m(z) = 21*z**3 + 2*z**2 - 1. Suppose 6 = t - 4*t, -2*t - 4 = i. Suppose 4*y = -i + 4. Calculate the remainder when m(y) is divided by 12.
10
Suppose 0 = 5*p + 3*l - 52, 5*p - 3*l - 8 = 20. What is the remainder when 32 is divided by ((-17)/4)/((-2)/p)?
15
Let z(k) = 2*k**2 + 3*k + 6. Let l(o) = 2*o**2 + 2*o + 6. Let h(y) = -4*l(y) + 5*z(y). Let d = -43 - -36. Calculate the remainder when h(d) is divided by 14.
13
Let c = -388 + 395. Suppose -2*o = 0, -g - 4*o = -0*g - 12. Calculate the remainder when g is divided by c.
5
Suppose -f + 57 = 2*f. Suppose 5*o - f - 21 = 0. Calculate the remainder when 31 is divided by o.
7
Let k(j) = -4*j - 2. Calculate the remainder when 26 is divided by k(-4).
12
Suppose 0 = -n - b + 19, -4*n + 2*b + 35 = -11. Calculate the remainder when -41*1*(-16 + 15) is divided by n.
13
Let y(g) = 10 + 0*g - 9*g + g**2 - 2 + g. Calculate the remainder when 14 is divided by y(8).
6
Let h(p) = p + 1. Let u be h(0). What is the remainder when 71 - -1 - (u + 0) is divided by 24?
23
Suppose 11*x - 110 = 6*x. What is the remainder when 65 is divided by x?
21
Let l = -21 + 37. Calculate the remainder when 63 is divided by l.
15
Let n be 6/1 - (-2 - -1). Suppose 0*c + n = -c. Let j(g) = -g**3 - 7*g**2 - 5*g - 9. Calculate the remainder when j(c) is divided by 9.
8
What is the remainder when (-16)/48 + (-206)/(-6) is divided by 24?
10
Let b(i) = -i - 4. Let l(z) = -4*z + 3. Let k be l(2). Suppose -2*w = -3 + 1. Calculate the remainder when b(k) is divided by w.
0
Let d = 15 + -8. Let k = -1 - -2. Let v = 5 - k. Calculate the remainder when d is divided by v.
3
Suppose -4*x = 35 - 11. Let c = 8 - 5. What is the remainder when 3/2*(-16)/x is divided by c?
1
Suppose 2*c - 5*o - 76 = 0, -4*c + 5*o + 45 = -117. What is the remainder when c is divided by 11?
10
Suppose -2*k - k = -30. What is the remainder when 25 is divided by (k - 0) + (0 - -3)?
12
Suppose -4*k = q - 78, -q - k + 89 = -4. What is the remainder when q is divided by 20?
18
Let q(x) = 12*x + 2. Suppose 4*o - 3*r - 6 = -6*r, -r + 2 = -5*o. Suppose o*f - 60 = -3*f. Calculate the remainder when q(3) is divided by f.
18
Let d = 52 + -29. What is the remainder when d is divided by 14?
9
Suppose 0*a + 6 = 3*a. Suppose 0 = 4*k - a*o - 10 - 22, 5*k + 3*o - 18 = 0. Calculate the remainder when 11 is divided by k.
5
Suppose -11*k - 32 + 274 = 0. Calculate the remainder when k is divided by 5.
2
Let z = -25 - -56. Suppose 1 = -l + 2. Let i = 10 + l. Calculate the remainder when z is divided by i.
9
Let f(a) = 7*a**2 - 2*a + 1. Calculate the remainder when f(1) is divided by (-15)/(-20) - (-39)/12.
2
